 of 66602.
2, 33301
List the prime factors of 5014.
2, 23, 109
List the prime factors of 768.
2, 3
What are the prime factors of 11031?
3, 3677
List the prime factors of 984.
2, 3, 41
List the prime factors of 4763.
11, 433
What are the prime factors of 37252?
2, 67, 139
List the prime factors of 5214.
2, 3, 11, 79
What are the prime factors of 116?
2, 29
What are the prime factors of 2907?
3, 17, 19
What are the prime factors of 749?
7, 107
What are the prime factors of 3980?
2, 5, 199
What are the prime factors of 78503?
29, 2707
List the prime factors of 5613.
3, 1871
What are the prime factors of 2263?
31, 73
List the prime factors of 2175.
3, 5, 29
What are the prime factors of 3754?
2, 1877
What are the prime factors of 84138?
2, 3, 37, 379
List the prime factors of 25722.
2, 3, 1429
List the prime factors of 20219.
20219
List the prime factors of 7124.
2, 13, 137
List the prime factors of 1308.
2, 3, 109
List the prime factors of 130481.
13, 10037
What are the prime factors of 90366?
2, 3, 15061
What are the prime factors of 14569?
17, 857
What are the prime factors of 9004?
2, 2251
List the prime factors of 86803.
61, 1423
What are the prime factors of 3861?
3, 11, 13
List the prime factors of 2306.
2, 1153
List the prime factors of 14300.
2, 5, 11, 13
What are the prime factors of 1009?
1009
What are the prime factors of 5239?
13, 31
What are the prime factors of 1358?
2, 7, 97
What are the prime factors of 20725?
5, 829
List the prime factors of 13753.
17, 809
What are the prime factors of 105208?
2, 13151
List the prime factors of 15946.
2, 7, 17, 67
What are the prime factors of 815?
5, 163
What are the prime factors of 19752?
2, 3, 823
What are the prime factors of 270?
2, 3, 5
List the prime factors of 22735.
5, 4547
What are the prime factors of 27005?
5, 11, 491
What are the prime factors of 76056?
2, 3, 3169
What are the prime factors of 5878?
2, 2939
What are the prime factors of 17642?
2, 8821
What are the prime factors of 267?
3, 89
What are the prime factors of 134967?
3, 7, 6427
What are the prime factors of 110922?
2, 3, 7, 19, 139
What are the prime factors of 17565?
3, 5, 1171
List the prime factors of 145.
5, 29
List the prime factors of 45291.
3, 31, 487
What are the prime factors of 78219?
3, 2897
List the prime factors of 5015.
5, 17, 59
What are the prime factors of 1634?
2, 19, 43
List the prime factors of 1296.
2, 3
What are the prime factors of 696?
2, 3, 29
List the prime factors of 5249.
29, 181
What are the prime factors of 10884?
2, 3, 907
What are the prime factors of 7408?
2, 463
What are the prime factors of 922?
2, 461
What are the prime factors of 80?
2, 5
What are the prime factors of 10994?
2, 23, 239
What are the prime factors of 83618?
2, 41809
List the prime factors of 10120.
2, 5, 11, 23
What are the prime factors of 16194?
2, 3, 2699
List the prime factors of 5320.
2, 5, 7, 19
What are the prime factors of 812?
2, 7, 29
What are the prime factors of 1744?
2, 109
What are the prime factors of 16370?
2, 5, 1637
List the prime factors of 2015.
5, 13, 31
List the prime factors of 4174.
2, 2087
What are the prime factors of 7006?
2, 31, 113
List the prime factors of 87856.
2, 17, 19
What are the prime factors of 6773?
13, 521
List the prime factors of 2349.
3, 29
What are the prime factors of 1576?
2, 197
List the prime factors of 26167.
137, 191
List the prime factors of 6431.
59, 109
What are the prime factors of 24542?
2, 7, 1753
List the prime factors of 208.
2, 13
List the prime factors of 12300.
2, 3, 5, 41
List the prime factors of 39108.
2, 3, 3259
What are the prime factors of 26325?
3, 5, 13
What are the prime factors of 47385?
3, 5, 13
What are the prime factors of 2190?
2, 3, 5, 73
List the prime factors of 3879.
3, 431
List the prime factors of 6875.
5, 11
What are the prime factors of 2243?
2243
What are the prime factors of 1615?
5, 17, 19
List the prime factors of 6816.
2, 3, 71
List the prime factors of 42719.
42719
List the prime factors of 5484.
2, 3, 457
List the prime factors of 3492.
2, 3, 97
What are the prime factors of 3385?
5, 677
List the prime factors of 37282.
2, 7, 2663
What are the prime factors of 3378?
2, 3, 563
What are the prime factors of 14905?
5, 11, 271
What are the prime factors of 2141?
2141
What are the prime factors of 49432?
2, 37, 167
What are the prime factors of 1796?
2, 449
List the prime factors of 2026.
2, 1013
What are the prime factors of 50378?
2, 25189
List the prime factors of 9027.
3, 17, 59
What are the prime factors of 209?
11, 19
List the prime factors of 81304.
2, 10163
What are the prime factors of 301?
7, 43
List the prime factors of 1290.
2, 3, 5, 43
List the prime factors of 14840.
2, 5, 7, 53
What are the prime factors of 15422?
2, 11, 701
List the prime factors of 4213.
11, 383
List the prime factors of 5002.
2, 41, 61
List the prime factors of 1073.
29, 37
List the prime factors of 2695.
5, 7, 11
List the prime factors of 899.
29, 31
List the prime factors of 70270.
2, 5, 7027
What are the prime factors of 5347?
5347
What are the prime factors of 4361?
7, 89
List the prime factors of 1289.
1289
What are the prime factors of 56064?
2, 3, 73
List the prime factors of 30167.
97, 311
List the prime factors of 440.
2, 5, 11
What are the prime factors of 14978?
2, 7489
What are the prime factors of 42?
2, 3, 7
List the prime factors of 26293.
26293
List the prime factors of 23682.
2, 3, 3947
What are the prime factors of 67700?
2, 5, 677
What are the prime factors of 28712?
2, 37, 97
List the prime factors of 25165.
5, 7, 719
What are the prime factors of 239?
239
What are the prime factors of 3985?
5, 797
List the prime factors of 6034.
2, 7, 431
What are the prime factors of 462?
2, 3, 7, 11
List the prime factors of 683.
683
What are the prime factors of 1247?
29, 43
List the prime factors of 5276.
2, 1319
List the prime factors of 3504.
2, 3, 73
What are the prime factors of 107012?
2, 31, 863
List the prime factors of 113546.
2, 56773
List the prime factors of 6117.
3, 2039
What are the prime factors of 7076?
2, 29, 61
List the prime factors of 2046.
2, 3, 11, 31
List the prime factors of 23382.
2, 3, 433
List the prime factors of 1728.
2, 3
What are the prime factors of 228?
2, 3, 19
What are the prime factors of 2800?
2, 5, 7
List the prime factors of 6143.
6143
What are the prime factors of 13665?
3, 5, 911
What are the prime factors of 57746?
2, 13, 2221
What are the prime factors of 2051?
7, 293
What are the prime factors of 1418?
2, 709
List the prime factors of 328.
2, 41
What are the prime factors of 27671?
7, 59, 67
List the prime factors of 149216.
2, 4663
List the prime factors of 6916.
2, 7, 13, 19
List the prime factors of 129.
3, 43
List the prime factors of 43864.
2, 5483
What are the prime factors of 1351?
7, 193
List the prime factors of 1338.
2, 3, 223
List the prime factors of 82764.
2, 3, 11, 19
List the prime factors of 65015.
5, 13003
What are the prime factors of 1835?
5, 367
List the prime factors of 1935.
3, 5, 43
List the prime factors of 131851.
79, 1669
List the prime factors of 820.
2, 5, 41
List the prime factors of 2206.
2, 1103
What are the prime factors of 19214?
2, 13, 739
What are the prime factors of 6312?
2, 3, 263
List the prime factors of 949.
13, 73
What are the prime factors of 2586?
2, 3, 431
What are the prime factors of 1122?
2, 3, 11, 17
List the prime factors of 26892.
2, 3, 83
List the prime factors of 56914.
2, 11, 13, 199
What are the prime factors of 11572?
2, 11, 263
What are the prime factors of 14513?
23, 631
What are the prime factors of 2500?
2, 5
List the prime factors of 311.
311
What are the prime factors of 2800?
2, 5, 7
What are the prime factors of 48896?
2, 191
List the prime factors of 16170.
2, 3, 5, 7, 11
What are the prime factors of 44922?
2, 3, 7487
List the prime factors of 597.
3, 199
List the prime factors of 32363.
32363
List the prime factors of 484.
2, 11
List the prime factors of 37199.
37199
List the prime factors of 687.
3, 229
What are the prime factors of 41676?
2, 3, 23, 151
List the prime factors of 5974.
2, 29, 103
List the prime factors of 15367.
11, 127
What are the prime factors of 882?
2, 3, 7
List the prime factors of 434.
2, 7, 31
List the prim